{"id":9512,"date":"2019-04-24T14:27:53","date_gmt":"2019-04-24T19:27:53","guid":{"rendered":"https:\/\/www.guillenjoyeros.com\/alta-joyeria?post_type=product&#038;p=9512"},"modified":"2019-06-24T12:32:25","modified_gmt":"2019-06-24T17:32:25","slug":"anillo-de-compromiso-adora-asbc-115","status":"publish","type":"product","link":"https:\/\/www.guillenjoyeros.com\/alta-joyeria\/tienda\/anillos-de-compromiso-categorias\/coleccion-diosas-anillos-compromiso\/bicolor-anillos-compromiso-diosas\/producto\/anillo-de-compromiso-adora-asbc-115\/","title":{"rendered":"Anillo de compromiso ADORA (ASBC-115)"},"content":{"rendered":"<p><span class=\"s2\">Su cuerpo es adornado por dos hileras de bellos diamantes que hacen resaltar en el centro una corona de cuatro puntas que delicadamente abraza un fant\u00e1stico diamante de corte redondo brillante, siendo un dise\u00f1o que lucir\u00e1 precioso en la mano de tu enamorada.<\/span><\/p>\n","protected":false},"excerpt":{"rendered":"<p>Su cuerpo es adornado por dos hileras de bellos diamantes que hacen resaltar en el centro una corona de cuatro puntas que delicadamente abraza un fant\u00e1stico diamante de corte redondo brillante, siendo un dise\u00f1o que lucir\u00e1 precioso en la mano de tu enamorada.<\/p>\n","protected":false},"featured_media":9498,"comment_status":"closed","ping_status":"closed","template":"","meta":{"inline_featured_image":false},"product_cat":[15,110,108],"product_tag":[],"acf":[],"yoast_head":"<!-- This site is optimized with the Yoast SEO plugin v19.5.1 - https:\/\/yoast.com\/wordpress\/plugins\/seo\/ -->\n<title>Anillo de compromiso ADORA (ASBC-115) - Guillen Joyeros<\/title>\n<meta name=\"description\" content=\"Su cuerpo es adornado por dos hileras de bellos diamantes que hacen resaltar en el centro una corona de cuatro puntas que delicadamente abraza un\" \/>\n<meta name=\"robots\" content=\"index, follow, max-snippet:-1, max-image-preview:large, max-video-preview:-1\" \/>\n<link rel=\"canonical\" href=\"https:\/\/www.guillenjoyeros.com\/alta-joyeria\/tienda\/anillos-de-compromiso-categorias\/coleccion-diosas-anillos-compromiso\/bicolor-anillos-compromiso-diosas\/producto\/anillo-de-compromiso-adora-asbc-115\/\" \/>\n<meta property=\"og:locale\" content=\"es_ES\" \/>\n<meta property=\"og:type\" content=\"article\" \/>\n<meta property=\"og:title\" content=\"Anillo de compromiso ADORA (ASBC-115) - Guillen Joyeros\" \/>\n<meta property=\"og:description\" content=\"Su cuerpo es adornado por dos hileras de bellos diamantes que hacen resaltar en el centro una corona de cuatro puntas que delicadamente abraza un\" \/>\n<meta property=\"og:url\" content=\"https:\/\/www.guillenjoyeros.com\/alta-joyeria\/tienda\/anillos-de-compromiso-categorias\/coleccion-diosas-anillos-compromiso\/bicolor-anillos-compromiso-diosas\/producto\/anillo-de-compromiso-adora-asbc-115\/\" \/>\n<meta property=\"og:site_name\" content=\"Guillen Joyeros\" \/>\n<meta property=\"article:publisher\" content=\"https:\/\/www.facebook.com\/DGuillenNovias\" \/>\n<meta property=\"article:modified_time\" content=\"2019-06-24T17:32:25+00:00\" \/>\n<meta property=\"og:image\" content=\"https:\/\/www.guillenjoyeros.com\/alta-joyeria\/wp-content\/uploads\/2019\/04\/ASBC-115.jpg\" \/>\n\t<meta property=\"og:image:width\" content=\"700\" \/>\n\t<meta property=\"og:image:height\" content=\"700\" \/>\n\t<meta property=\"og:image:type\" content=\"image\/jpeg\" \/>\n<meta name=\"twitter:card\" content=\"summary\" \/>\n<script type=\"application\/ld+json\" class=\"yoast-schema-graph\">{\"@context\":\"https:\/\/schema.org\",\"@graph\":[{\"@type\":\"WebPage\",\"@id\":\"https:\/\/www.guillenjoyeros.com\/alta-joyeria\/tienda\/anillos-de-compromiso-categorias\/coleccion-diosas-anillos-compromiso\/bicolor-anillos-compromiso-diosas\/producto\/anillo-de-compromiso-adora-asbc-115\/\",\"url\":\"https:\/\/www.guillenjoyeros.com\/alta-joyeria\/tienda\/anillos-de-compromiso-categorias\/coleccion-diosas-anillos-compromiso\/bicolor-anillos-compromiso-diosas\/producto\/anillo-de-compromiso-adora-asbc-115\/\",\"name\":\"Anillo de compromiso ADORA (ASBC-115) - Guillen Joyeros\",\"isPartOf\":{\"@id\":\"https:\/\/www.guillenjoyeros.com\/alta-joyeria\/#website\"},\"datePublished\":\"2019-04-24T19:27:53+00:00\",\"dateModified\":\"2019-06-24T17:32:25+00:00\",\"description\":\"Su cuerpo es adornado por dos hileras de bellos diamantes que hacen resaltar en el centro una corona de cuatro puntas que delicadamente abraza un\",\"breadcrumb\":{\"@id\":\"https:\/\/www.guillenjoyeros.com\/alta-joyeria\/tienda\/anillos-de-compromiso-categorias\/coleccion-diosas-anillos-compromiso\/bicolor-anillos-compromiso-diosas\/producto\/anillo-de-compromiso-adora-asbc-115\/#breadcrumb\"},\"inLanguage\":\"es\",\"potentialAction\":[{\"@type\":\"ReadAction\",\"target\":[\"https:\/\/www.guillenjoyeros.com\/alta-joyeria\/tienda\/anillos-de-compromiso-categorias\/coleccion-diosas-anillos-compromiso\/bicolor-anillos-compromiso-diosas\/producto\/anillo-de-compromiso-adora-asbc-115\/\"]}]},{\"@type\":\"BreadcrumbList\",\"@id\":\"https:\/\/www.guillenjoyeros.com\/alta-joyeria\/tienda\/anillos-de-compromiso-categorias\/coleccion-diosas-anillos-compromiso\/bicolor-anillos-compromiso-diosas\/producto\/anillo-de-compromiso-adora-asbc-115\/#breadcrumb\",\"itemListElement\":[{\"@type\":\"ListItem\",\"position\":1,\"name\":\"Portada\",\"item\":\"https:\/\/www.guillenjoyeros.com\/alta-joyeria\/\"},{\"@type\":\"ListItem\",\"position\":2,\"name\":\"Tienda\",\"item\":\"https:\/\/www.guillenjoyeros.com\/alta-joyeria\/tienda\/\"},{\"@type\":\"ListItem\",\"position\":3,\"name\":\"Anillo de compromiso ADORA (ASBC-115)\"}]},{\"@type\":\"WebSite\",\"@id\":\"https:\/\/www.guillenjoyeros.com\/alta-joyeria\/#website\",\"url\":\"https:\/\/www.guillenjoyeros.com\/alta-joyeria\/\",\"name\":\"Guillen Joyeros\",\"description\":\"Llevamos m\u00e1s de 20 a\u00f1os de experiencia en el mercado orfebre tanto a nivel nacional como internacional. Actualmente contamos con nuestra nueva l\u00ednea exclusiva dedicada a los anillos de compromiso y alianzas matrimoniales.\",\"potentialAction\":[{\"@type\":\"SearchAction\",\"target\":{\"@type\":\"EntryPoint\",\"urlTemplate\":\"https:\/\/www.guillenjoyeros.com\/alta-joyeria\/?s={search_term_string}\"},\"query-input\":\"required name=search_term_string\"}],\"inLanguage\":\"es\"}]}<\/script>\n<!-- \/ Yoast SEO plugin. -->","yoast_head_json":{"title":"Anillo de compromiso ADORA (ASBC-115) - Guillen Joyeros","description":"Su cuerpo es adornado por dos hileras de bellos diamantes que hacen resaltar en el centro una corona de cuatro puntas que delicadamente abraza un","robots":{"index":"index","follow":"follow","max-snippet":"max-snippet:-1","max-image-preview":"max-image-preview:large","max-video-preview":"max-video-preview:-1"},"canonical":"https:\/\/www.guillenjoyeros.com\/alta-joyeria\/tienda\/anillos-de-compromiso-categorias\/coleccion-diosas-anillos-compromiso\/bicolor-anillos-compromiso-diosas\/producto\/anillo-de-compromiso-adora-asbc-115\/","og_locale":"es_ES","og_type":"article","og_title":"Anillo de compromiso ADORA (ASBC-115) - Guillen Joyeros","og_description":"Su cuerpo es adornado por dos hileras de bellos diamantes que hacen resaltar en el centro una corona de cuatro puntas que delicadamente abraza un","og_url":"https:\/\/www.guillenjoyeros.com\/alta-joyeria\/tienda\/anillos-de-compromiso-categorias\/coleccion-diosas-anillos-compromiso\/bicolor-anillos-compromiso-diosas\/producto\/anillo-de-compromiso-adora-asbc-115\/","og_site_name":"Guillen Joyeros","article_publisher":"https:\/\/www.facebook.com\/DGuillenNovias","article_modified_time":"2019-06-24T17:32:25+00:00","og_image":[{"width":700,"height":700,"url":"https:\/\/www.guillenjoyeros.com\/alta-joyeria\/wp-content\/uploads\/2019\/04\/ASBC-115.jpg","type":"image\/jpeg"}],"twitter_card":"summary","schema":{"@context":"https:\/\/schema.org","@graph":[{"@type":"WebPage","@id":"https:\/\/www.guillenjoyeros.com\/alta-joyeria\/tienda\/anillos-de-compromiso-categorias\/coleccion-diosas-anillos-compromiso\/bicolor-anillos-compromiso-diosas\/producto\/anillo-de-compromiso-adora-asbc-115\/","url":"https:\/\/www.guillenjoyeros.com\/alta-joyeria\/tienda\/anillos-de-compromiso-categorias\/coleccion-diosas-anillos-compromiso\/bicolor-anillos-compromiso-diosas\/producto\/anillo-de-compromiso-adora-asbc-115\/","name":"Anillo de compromiso ADORA (ASBC-115) - Guillen Joyeros","isPartOf":{"@id":"https:\/\/www.guillenjoyeros.com\/alta-joyeria\/#website"},"datePublished":"2019-04-24T19:27:53+00:00","dateModified":"2019-06-24T17:32:25+00:00","description":"Su cuerpo es adornado por dos hileras de bellos diamantes que hacen resaltar en el centro una corona de cuatro puntas que delicadamente abraza un","breadcrumb":{"@id":"https:\/\/www.guillenjoyeros.com\/alta-joyeria\/tienda\/anillos-de-compromiso-categorias\/coleccion-diosas-anillos-compromiso\/bicolor-anillos-compromiso-diosas\/producto\/anillo-de-compromiso-adora-asbc-115\/#breadcrumb"},"inLanguage":"es","potentialAction":[{"@type":"ReadAction","target":["https:\/\/www.guillenjoyeros.com\/alta-joyeria\/tienda\/anillos-de-compromiso-categorias\/coleccion-diosas-anillos-compromiso\/bicolor-anillos-compromiso-diosas\/producto\/anillo-de-compromiso-adora-asbc-115\/"]}]},{"@type":"BreadcrumbList","@id":"https:\/\/www.guillenjoyeros.com\/alta-joyeria\/tienda\/anillos-de-compromiso-categorias\/coleccion-diosas-anillos-compromiso\/bicolor-anillos-compromiso-diosas\/producto\/anillo-de-compromiso-adora-asbc-115\/#breadcrumb","itemListElement":[{"@type":"ListItem","position":1,"name":"Portada","item":"https:\/\/www.guillenjoyeros.com\/alta-joyeria\/"},{"@type":"ListItem","position":2,"name":"Tienda","item":"https:\/\/www.guillenjoyeros.com\/alta-joyeria\/tienda\/"},{"@type":"ListItem","position":3,"name":"Anillo de compromiso ADORA (ASBC-115)"}]},{"@type":"WebSite","@id":"https:\/\/www.guillenjoyeros.com\/alta-joyeria\/#website","url":"https:\/\/www.guillenjoyeros.com\/alta-joyeria\/","name":"Guillen Joyeros","description":"Llevamos m\u00e1s de 20 a\u00f1os de experiencia en el mercado orfebre tanto a nivel nacional como internacional. Actualmente contamos con nuestra nueva l\u00ednea exclusiva dedicada a los anillos de compromiso y alianzas matrimoniales.","potentialAction":[{"@type":"SearchAction","target":{"@type":"EntryPoint","urlTemplate":"https:\/\/www.guillenjoyeros.com\/alta-joyeria\/?s={search_term_string}"},"query-input":"required name=search_term_string"}],"inLanguage":"es"}]}},"_links":{"self":[{"href":"https:\/\/www.guillenjoyeros.com\/alta-joyeria\/wp-json\/wp\/v2\/product\/9512"}],"collection":[{"href":"https:\/\/www.guillenjoyeros.com\/alta-joyeria\/wp-json\/wp\/v2\/product"}],"about":[{"href":"https:\/\/www.guillenjoyeros.com\/alta-joyeria\/wp-json\/wp\/v2\/types\/product"}],"replies":[{"embeddable":true,"href":"https:\/\/www.guillenjoyeros.com\/alta-joyeria\/wp-json\/wp\/v2\/comments?post=9512"}],"wp:featuredmedia":[{"embeddable":true,"href":"https:\/\/www.guillenjoyeros.com\/alta-joyeria\/wp-json\/wp\/v2\/media\/9498"}],"wp:attachment":[{"href":"https:\/\/www.guillenjoyeros.com\/alta-joyeria\/wp-json\/wp\/v2\/media?parent=9512"}],"wp:term":[{"taxonomy":"product_cat","embeddable":true,"href":"https:\/\/www.guillenjoyeros.com\/alta-joyeria\/wp-json\/wp\/v2\/product_cat?post=9512"},{"taxonomy":"product_tag","embeddable":true,"href":"https:\/\/www.guillenjoyeros.com\/alta-joyeria\/wp-json\/wp\/v2\/product_tag?post=9512"}],"curies":[{"name":"wp","href":"https:\/\/api.w.org\/{rel}","templated":true}]}}