{"id":3063,"date":"2016-12-05T14:22:44","date_gmt":"2016-12-05T19:22:44","guid":{"rendered":"http:\/\/www.guillenjoyeros.com\/alta-joyeria\/?page_id=3063"},"modified":"2016-12-08T12:01:10","modified_gmt":"2016-12-08T17:01:10","slug":"eleccion-del-anillo-de-compromiso-perfecto","status":"publish","type":"page","link":"https:\/\/www.guillenjoyeros.com\/alta-joyeria\/eleccion-del-anillo-de-compromiso-perfecto\/","title":{"rendered":"Elecci\u00f3n del anillo de compromiso perfecto"},"content":{"rendered":"<p>Siempre la elecci\u00f3n de un anillo de compromiso ha representado un reto importante, la pedida de mano es un evento trascendental en la vida de una pareja as\u00ed como el sue\u00f1o anhelado en la vida de una mujer.<\/p>\n<p>Aqu\u00ed te guiaremos para la elecci\u00f3n del anillo perfecto para ella!!\u2026<\/p>\n<p>[playbuzz-item url=\u00bb\/\/www.playbuzz.com\/majitol10\/c-mo-elegir-el-anillo-perfecto-para-ella\u00bb]<\/p>\n<p>&nbsp;<\/p>\n","protected":false},"excerpt":{"rendered":"<p>Siempre la elecci\u00f3n de un anillo de compromiso ha representado un reto importante, la pedida de mano es un evento trascendental en la vida de una pareja as\u00ed como el sue\u00f1o anhelado en la vida de una mujer. Aqu\u00ed te guiaremos para la elecci\u00f3n del anillo perfecto para ella!!\u2026 [playbuzz-item url=\u00bb\/\/www.playbuzz.com\/majitol10\/c-mo-elegir-el-anillo-perfecto-para-ella\u00bb] &nbsp;<\/p>\n","protected":false},"author":1,"featured_media":0,"parent":0,"menu_order":0,"comment_status":"closed","ping_status":"closed","template":"","meta":{"inline_featured_image":false},"acf":[],"yoast_head":"<!-- This site is optimized with the Yoast SEO plugin v19.5.1 - https:\/\/yoast.com\/wordpress\/plugins\/seo\/ -->\n<title>Elecci\u00f3n del anillo de compromiso perfecto - Guillen Joyeros<\/title>\n<meta name=\"description\" content=\"Siempre la elecci\u00f3n de un anillo de compromiso presenta un reto para los hombres, aqu\u00ed te guiaremos para la elecci\u00f3n del anillo perfecto para ella!!\u2026\" \/>\n<meta name=\"robots\" content=\"index, follow, max-snippet:-1, max-image-preview:large, max-video-preview:-1\" \/>\n<link rel=\"canonical\" href=\"https:\/\/www.guillenjoyeros.com\/alta-joyeria\/eleccion-del-anillo-de-compromiso-perfecto\/\" \/>\n<meta property=\"og:locale\" content=\"es_ES\" \/>\n<meta property=\"og:type\" content=\"article\" \/>\n<meta property=\"og:title\" content=\"Elecci\u00f3n del anillo de compromiso perfecto - Guillen Joyeros\" \/>\n<meta property=\"og:description\" content=\"Siempre la elecci\u00f3n de un anillo de compromiso presenta un reto para los hombres, aqu\u00ed te guiaremos para la elecci\u00f3n del anillo perfecto para ella!!\u2026\" \/>\n<meta property=\"og:url\" content=\"https:\/\/www.guillenjoyeros.com\/alta-joyeria\/eleccion-del-anillo-de-compromiso-perfecto\/\" \/>\n<meta property=\"og:site_name\" content=\"Guillen Joyeros\" \/>\n<meta property=\"article:publisher\" content=\"https:\/\/www.facebook.com\/DGuillenNovias\" \/>\n<meta property=\"article:modified_time\" content=\"2016-12-08T17:01:10+00:00\" \/>\n<meta name=\"twitter:card\" content=\"summary\" \/>\n<script type=\"application\/ld+json\" class=\"yoast-schema-graph\">{\"@context\":\"https:\/\/schema.org\",\"@graph\":[{\"@type\":\"WebPage\",\"@id\":\"https:\/\/www.guillenjoyeros.com\/alta-joyeria\/eleccion-del-anillo-de-compromiso-perfecto\/\",\"url\":\"https:\/\/www.guillenjoyeros.com\/alta-joyeria\/eleccion-del-anillo-de-compromiso-perfecto\/\",\"name\":\"Elecci\u00f3n del anillo de compromiso perfecto - Guillen Joyeros\",\"isPartOf\":{\"@id\":\"https:\/\/www.guillenjoyeros.com\/alta-joyeria\/#website\"},\"datePublished\":\"2016-12-05T19:22:44+00:00\",\"dateModified\":\"2016-12-08T17:01:10+00:00\",\"description\":\"Siempre la elecci\u00f3n de un anillo de compromiso presenta un reto para los hombres, aqu\u00ed te guiaremos para la elecci\u00f3n del anillo perfecto para ella!!\u2026\",\"breadcrumb\":{\"@id\":\"https:\/\/www.guillenjoyeros.com\/alta-joyeria\/eleccion-del-anillo-de-compromiso-perfecto\/#breadcrumb\"},\"inLanguage\":\"es\",\"potentialAction\":[{\"@type\":\"ReadAction\",\"target\":[\"https:\/\/www.guillenjoyeros.com\/alta-joyeria\/eleccion-del-anillo-de-compromiso-perfecto\/\"]}]},{\"@type\":\"BreadcrumbList\",\"@id\":\"https:\/\/www.guillenjoyeros.com\/alta-joyeria\/eleccion-del-anillo-de-compromiso-perfecto\/#breadcrumb\",\"itemListElement\":[{\"@type\":\"ListItem\",\"position\":1,\"name\":\"Portada\",\"item\":\"https:\/\/www.guillenjoyeros.com\/alta-joyeria\/\"},{\"@type\":\"ListItem\",\"position\":2,\"name\":\"Elecci\u00f3n del anillo de compromiso perfecto\"}]},{\"@type\":\"WebSite\",\"@id\":\"https:\/\/www.guillenjoyeros.com\/alta-joyeria\/#website\",\"url\":\"https:\/\/www.guillenjoyeros.com\/alta-joyeria\/\",\"name\":\"Guillen Joyeros\",\"description\":\"Llevamos m\u00e1s de 20 a\u00f1os de experiencia en el mercado orfebre tanto a nivel nacional como internacional. Actualmente contamos con nuestra nueva l\u00ednea exclusiva dedicada a los anillos de compromiso y alianzas matrimoniales.\",\"potentialAction\":[{\"@type\":\"SearchAction\",\"target\":{\"@type\":\"EntryPoint\",\"urlTemplate\":\"https:\/\/www.guillenjoyeros.com\/alta-joyeria\/?s={search_term_string}\"},\"query-input\":\"required name=search_term_string\"}],\"inLanguage\":\"es\"}]}<\/script>\n<!-- \/ Yoast SEO plugin. -->","yoast_head_json":{"title":"Elecci\u00f3n del anillo de compromiso perfecto - Guillen Joyeros","description":"Siempre la elecci\u00f3n de un anillo de compromiso presenta un reto para los hombres, aqu\u00ed te guiaremos para la elecci\u00f3n del anillo perfecto para ella!!\u2026","robots":{"index":"index","follow":"follow","max-snippet":"max-snippet:-1","max-image-preview":"max-image-preview:large","max-video-preview":"max-video-preview:-1"},"canonical":"https:\/\/www.guillenjoyeros.com\/alta-joyeria\/eleccion-del-anillo-de-compromiso-perfecto\/","og_locale":"es_ES","og_type":"article","og_title":"Elecci\u00f3n del anillo de compromiso perfecto - Guillen Joyeros","og_description":"Siempre la elecci\u00f3n de un anillo de compromiso presenta un reto para los hombres, aqu\u00ed te guiaremos para la elecci\u00f3n del anillo perfecto para ella!!\u2026","og_url":"https:\/\/www.guillenjoyeros.com\/alta-joyeria\/eleccion-del-anillo-de-compromiso-perfecto\/","og_site_name":"Guillen Joyeros","article_publisher":"https:\/\/www.facebook.com\/DGuillenNovias","article_modified_time":"2016-12-08T17:01:10+00:00","twitter_card":"summary","schema":{"@context":"https:\/\/schema.org","@graph":[{"@type":"WebPage","@id":"https:\/\/www.guillenjoyeros.com\/alta-joyeria\/eleccion-del-anillo-de-compromiso-perfecto\/","url":"https:\/\/www.guillenjoyeros.com\/alta-joyeria\/eleccion-del-anillo-de-compromiso-perfecto\/","name":"Elecci\u00f3n del anillo de compromiso perfecto - Guillen Joyeros","isPartOf":{"@id":"https:\/\/www.guillenjoyeros.com\/alta-joyeria\/#website"},"datePublished":"2016-12-05T19:22:44+00:00","dateModified":"2016-12-08T17:01:10+00:00","description":"Siempre la elecci\u00f3n de un anillo de compromiso presenta un reto para los hombres, aqu\u00ed te guiaremos para la elecci\u00f3n del anillo perfecto para ella!!\u2026","breadcrumb":{"@id":"https:\/\/www.guillenjoyeros.com\/alta-joyeria\/eleccion-del-anillo-de-compromiso-perfecto\/#breadcrumb"},"inLanguage":"es","potentialAction":[{"@type":"ReadAction","target":["https:\/\/www.guillenjoyeros.com\/alta-joyeria\/eleccion-del-anillo-de-compromiso-perfecto\/"]}]},{"@type":"BreadcrumbList","@id":"https:\/\/www.guillenjoyeros.com\/alta-joyeria\/eleccion-del-anillo-de-compromiso-perfecto\/#breadcrumb","itemListElement":[{"@type":"ListItem","position":1,"name":"Portada","item":"https:\/\/www.guillenjoyeros.com\/alta-joyeria\/"},{"@type":"ListItem","position":2,"name":"Elecci\u00f3n del anillo de compromiso perfecto"}]},{"@type":"WebSite","@id":"https:\/\/www.guillenjoyeros.com\/alta-joyeria\/#website","url":"https:\/\/www.guillenjoyeros.com\/alta-joyeria\/","name":"Guillen Joyeros","description":"Llevamos m\u00e1s de 20 a\u00f1os de experiencia en el mercado orfebre tanto a nivel nacional como internacional. Actualmente contamos con nuestra nueva l\u00ednea exclusiva dedicada a los anillos de compromiso y alianzas matrimoniales.","potentialAction":[{"@type":"SearchAction","target":{"@type":"EntryPoint","urlTemplate":"https:\/\/www.guillenjoyeros.com\/alta-joyeria\/?s={search_term_string}"},"query-input":"required name=search_term_string"}],"inLanguage":"es"}]}},"_links":{"self":[{"href":"https:\/\/www.guillenjoyeros.com\/alta-joyeria\/wp-json\/wp\/v2\/pages\/3063"}],"collection":[{"href":"https:\/\/www.guillenjoyeros.com\/alta-joyeria\/wp-json\/wp\/v2\/pages"}],"about":[{"href":"https:\/\/www.guillenjoyeros.com\/alta-joyeria\/wp-json\/wp\/v2\/types\/page"}],"author":[{"embeddable":true,"href":"https:\/\/www.guillenjoyeros.com\/alta-joyeria\/wp-json\/wp\/v2\/users\/1"}],"replies":[{"embeddable":true,"href":"https:\/\/www.guillenjoyeros.com\/alta-joyeria\/wp-json\/wp\/v2\/comments?post=3063"}],"version-history":[{"count":4,"href":"https:\/\/www.guillenjoyeros.com\/alta-joyeria\/wp-json\/wp\/v2\/pages\/3063\/revisions"}],"predecessor-version":[{"id":3113,"href":"https:\/\/www.guillenjoyeros.com\/alta-joyeria\/wp-json\/wp\/v2\/pages\/3063\/revisions\/3113"}],"wp:attachment":[{"href":"https:\/\/www.guillenjoyeros.com\/alta-joyeria\/wp-json\/wp\/v2\/media?parent=3063"}],"curies":[{"name":"wp","href":"https:\/\/api.w.org\/{rel}","templated":true}]}}