{"id":1022,"date":"2015-11-12T12:05:52","date_gmt":"2015-11-12T17:05:52","guid":{"rendered":"http:\/\/www.guillenjoyeros.com\/alta-joyeria\/?page_id=1022"},"modified":"2016-09-23T11:46:28","modified_gmt":"2016-09-23T16:46:28","slug":"subastas","status":"publish","type":"page","link":"https:\/\/www.guillenjoyeros.com\/alta-joyeria\/subastas\/","title":{"rendered":"S\u00c1BADO DE SUBASTAS"},"content":{"rendered":"<p>[recent_auctions per_page=\u00bb12&#8243; columns=\u00bb4&#8243; orderby=\u00bbdate\u00bb order=\u00bbdesc\u00bb]<\/p>\n","protected":false},"excerpt":{"rendered":"<p>[recent_auctions per_page=\u00bb12&#8243; columns=\u00bb4&#8243; orderby=\u00bbdate\u00bb order=\u00bbdesc\u00bb]<\/p>\n","protected":false},"author":1,"featured_media":2563,"parent":0,"menu_order":0,"comment_status":"closed","ping_status":"closed","template":"","meta":{"inline_featured_image":false},"acf":[],"yoast_head":"<!-- This site is optimized with the Yoast SEO plugin v19.5.1 - https:\/\/yoast.com\/wordpress\/plugins\/seo\/ -->\n<title>S\u00c1BADO DE SUBASTAS - Guillen Joyeros<\/title>\n<meta name=\"description\" content=\"S\u00e1bado de Subastas de Guillen Joyeros, todos los d\u00edas s\u00e1bados desde las 21h00 del d\u00eda viernes hasta las las 21h00 del d\u00eda s\u00e1bado\" \/>\n<meta name=\"robots\" content=\"index, follow, max-snippet:-1, max-image-preview:large, max-video-preview:-1\" \/>\n<link rel=\"canonical\" href=\"https:\/\/www.guillenjoyeros.com\/alta-joyeria\/subastas\/\" \/>\n<meta property=\"og:locale\" content=\"es_ES\" \/>\n<meta property=\"og:type\" content=\"article\" \/>\n<meta property=\"og:title\" content=\"S\u00c1BADO DE SUBASTAS - Guillen Joyeros\" \/>\n<meta property=\"og:description\" content=\"S\u00e1bado de Subastas de Guillen Joyeros, todos los d\u00edas s\u00e1bados desde las 21h00 del d\u00eda viernes hasta las las 21h00 del d\u00eda s\u00e1bado\" \/>\n<meta property=\"og:url\" content=\"https:\/\/www.guillenjoyeros.com\/alta-joyeria\/subastas\/\" \/>\n<meta property=\"og:site_name\" content=\"Guillen Joyeros\" \/>\n<meta property=\"article:publisher\" content=\"https:\/\/www.facebook.com\/DGuillenNovias\" \/>\n<meta property=\"article:modified_time\" content=\"2016-09-23T16:46:28+00:00\" \/>\n<meta property=\"og:image\" content=\"https:\/\/www.guillenjoyeros.com\/alta-joyeria\/wp-content\/uploads\/2015\/11\/sabado-de-subastas-nuevo.jpg\" \/>\n\t<meta property=\"og:image:width\" content=\"1200\" \/>\n\t<meta property=\"og:image:height\" content=\"628\" \/>\n\t<meta property=\"og:image:type\" content=\"image\/jpeg\" \/>\n<meta name=\"twitter:card\" content=\"summary\" \/>\n<script type=\"application\/ld+json\" class=\"yoast-schema-graph\">{\"@context\":\"https:\/\/schema.org\",\"@graph\":[{\"@type\":\"WebPage\",\"@id\":\"https:\/\/www.guillenjoyeros.com\/alta-joyeria\/subastas\/\",\"url\":\"https:\/\/www.guillenjoyeros.com\/alta-joyeria\/subastas\/\",\"name\":\"S\u00c1BADO DE SUBASTAS - Guillen Joyeros\",\"isPartOf\":{\"@id\":\"https:\/\/www.guillenjoyeros.com\/alta-joyeria\/#website\"},\"datePublished\":\"2015-11-12T17:05:52+00:00\",\"dateModified\":\"2016-09-23T16:46:28+00:00\",\"description\":\"S\u00e1bado de Subastas de Guillen Joyeros, todos los d\u00edas s\u00e1bados desde las 21h00 del d\u00eda viernes hasta las las 21h00 del d\u00eda s\u00e1bado\",\"breadcrumb\":{\"@id\":\"https:\/\/www.guillenjoyeros.com\/alta-joyeria\/subastas\/#breadcrumb\"},\"inLanguage\":\"es\",\"potentialAction\":[{\"@type\":\"ReadAction\",\"target\":[\"https:\/\/www.guillenjoyeros.com\/alta-joyeria\/subastas\/\"]}]},{\"@type\":\"BreadcrumbList\",\"@id\":\"https:\/\/www.guillenjoyeros.com\/alta-joyeria\/subastas\/#breadcrumb\",\"itemListElement\":[{\"@type\":\"ListItem\",\"position\":1,\"name\":\"Portada\",\"item\":\"https:\/\/www.guillenjoyeros.com\/alta-joyeria\/\"},{\"@type\":\"ListItem\",\"position\":2,\"name\":\"S\u00c1BADO DE SUBASTAS\"}]},{\"@type\":\"WebSite\",\"@id\":\"https:\/\/www.guillenjoyeros.com\/alta-joyeria\/#website\",\"url\":\"https:\/\/www.guillenjoyeros.com\/alta-joyeria\/\",\"name\":\"Guillen Joyeros\",\"description\":\"Llevamos m\u00e1s de 20 a\u00f1os de experiencia en el mercado orfebre tanto a nivel nacional como internacional. Actualmente contamos con nuestra nueva l\u00ednea exclusiva dedicada a los anillos de compromiso y alianzas matrimoniales.\",\"potentialAction\":[{\"@type\":\"SearchAction\",\"target\":{\"@type\":\"EntryPoint\",\"urlTemplate\":\"https:\/\/www.guillenjoyeros.com\/alta-joyeria\/?s={search_term_string}\"},\"query-input\":\"required name=search_term_string\"}],\"inLanguage\":\"es\"}]}<\/script>\n<!-- \/ Yoast SEO plugin. -->","yoast_head_json":{"title":"S\u00c1BADO DE SUBASTAS - Guillen Joyeros","description":"S\u00e1bado de Subastas de Guillen Joyeros, todos los d\u00edas s\u00e1bados desde las 21h00 del d\u00eda viernes hasta las las 21h00 del d\u00eda s\u00e1bado","robots":{"index":"index","follow":"follow","max-snippet":"max-snippet:-1","max-image-preview":"max-image-preview:large","max-video-preview":"max-video-preview:-1"},"canonical":"https:\/\/www.guillenjoyeros.com\/alta-joyeria\/subastas\/","og_locale":"es_ES","og_type":"article","og_title":"S\u00c1BADO DE SUBASTAS - Guillen Joyeros","og_description":"S\u00e1bado de Subastas de Guillen Joyeros, todos los d\u00edas s\u00e1bados desde las 21h00 del d\u00eda viernes hasta las las 21h00 del d\u00eda s\u00e1bado","og_url":"https:\/\/www.guillenjoyeros.com\/alta-joyeria\/subastas\/","og_site_name":"Guillen Joyeros","article_publisher":"https:\/\/www.facebook.com\/DGuillenNovias","article_modified_time":"2016-09-23T16:46:28+00:00","og_image":[{"width":1200,"height":628,"url":"https:\/\/www.guillenjoyeros.com\/alta-joyeria\/wp-content\/uploads\/2015\/11\/sabado-de-subastas-nuevo.jpg","type":"image\/jpeg"}],"twitter_card":"summary","schema":{"@context":"https:\/\/schema.org","@graph":[{"@type":"WebPage","@id":"https:\/\/www.guillenjoyeros.com\/alta-joyeria\/subastas\/","url":"https:\/\/www.guillenjoyeros.com\/alta-joyeria\/subastas\/","name":"S\u00c1BADO DE SUBASTAS - Guillen Joyeros","isPartOf":{"@id":"https:\/\/www.guillenjoyeros.com\/alta-joyeria\/#website"},"datePublished":"2015-11-12T17:05:52+00:00","dateModified":"2016-09-23T16:46:28+00:00","description":"S\u00e1bado de Subastas de Guillen Joyeros, todos los d\u00edas s\u00e1bados desde las 21h00 del d\u00eda viernes hasta las las 21h00 del d\u00eda s\u00e1bado","breadcrumb":{"@id":"https:\/\/www.guillenjoyeros.com\/alta-joyeria\/subastas\/#breadcrumb"},"inLanguage":"es","potentialAction":[{"@type":"ReadAction","target":["https:\/\/www.guillenjoyeros.com\/alta-joyeria\/subastas\/"]}]},{"@type":"BreadcrumbList","@id":"https:\/\/www.guillenjoyeros.com\/alta-joyeria\/subastas\/#breadcrumb","itemListElement":[{"@type":"ListItem","position":1,"name":"Portada","item":"https:\/\/www.guillenjoyeros.com\/alta-joyeria\/"},{"@type":"ListItem","position":2,"name":"S\u00c1BADO DE SUBASTAS"}]},{"@type":"WebSite","@id":"https:\/\/www.guillenjoyeros.com\/alta-joyeria\/#website","url":"https:\/\/www.guillenjoyeros.com\/alta-joyeria\/","name":"Guillen Joyeros","description":"Llevamos m\u00e1s de 20 a\u00f1os de experiencia en el mercado orfebre tanto a nivel nacional como internacional. Actualmente contamos con nuestra nueva l\u00ednea exclusiva dedicada a los anillos de compromiso y alianzas matrimoniales.","potentialAction":[{"@type":"SearchAction","target":{"@type":"EntryPoint","urlTemplate":"https:\/\/www.guillenjoyeros.com\/alta-joyeria\/?s={search_term_string}"},"query-input":"required name=search_term_string"}],"inLanguage":"es"}]}},"_links":{"self":[{"href":"https:\/\/www.guillenjoyeros.com\/alta-joyeria\/wp-json\/wp\/v2\/pages\/1022"}],"collection":[{"href":"https:\/\/www.guillenjoyeros.com\/alta-joyeria\/wp-json\/wp\/v2\/pages"}],"about":[{"href":"https:\/\/www.guillenjoyeros.com\/alta-joyeria\/wp-json\/wp\/v2\/types\/page"}],"author":[{"embeddable":true,"href":"https:\/\/www.guillenjoyeros.com\/alta-joyeria\/wp-json\/wp\/v2\/users\/1"}],"replies":[{"embeddable":true,"href":"https:\/\/www.guillenjoyeros.com\/alta-joyeria\/wp-json\/wp\/v2\/comments?post=1022"}],"version-history":[{"count":9,"href":"https:\/\/www.guillenjoyeros.com\/alta-joyeria\/wp-json\/wp\/v2\/pages\/1022\/revisions"}],"predecessor-version":[{"id":2320,"href":"https:\/\/www.guillenjoyeros.com\/alta-joyeria\/wp-json\/wp\/v2\/pages\/1022\/revisions\/2320"}],"wp:featuredmedia":[{"embeddable":true,"href":"https:\/\/www.guillenjoyeros.com\/alta-joyeria\/wp-json\/wp\/v2\/media\/2563"}],"wp:attachment":[{"href":"https:\/\/www.guillenjoyeros.com\/alta-joyeria\/wp-json\/wp\/v2\/media?parent=1022"}],"curies":[{"name":"wp","href":"https:\/\/api.w.org\/{rel}","templated":true}]}}